 + 7*u**2 - 2*u - 3. What is o(-8)?
-51
Let q(z) = -z**3 - 7*z**2 + 14*z + 7. Determine q(-9).
43
Let s(p) = -p**2 - 3*p + 2. Determine s(-5).
-8
Let s(r) = r**2 + 15*r - 15. Determine s(-12).
-51
Let n(y) = 4*y - 92. What is n(20)?
-12
Let g(q) = -q - 26. Determine g(-11).
-15
Let m(v) = -16*v - 47. What is m(8)?
-175
Let a(l) = -2*l**2 + 16*l - 25. What is a(8)?
-25
Let r(z) = -z**3 + 11*z**2 - 7*z - 33. Give r(10).
-3
Let h(z) = -z**2 - 14*z + 13. What is h(-7)?
62
Let v(a) = 2*a. Give v(4).
8
Let c(t) = -t**3 - 21*t**2 - 2*t - 50. Give c(-21).
-8
Let i(o) = -o**3 - 17*o**2 - o - 8. Determine i(-17).
9
Let t(k) = 3*k**2 - 64. Calculate t(-7).
83
Let j(m) = -m**3 + 19*m**2 - 17*m - 12. What is j(18)?
6
Let w(g) = 4*g - 7. Determine w(6).
17
Let s(y) = y - 12. Calculate s(8).
-4
Let g(a) = 2*a**3 + 50*a**2 + 2. Calculate g(-25).
2
Let g(f) = f**3 - 18*f**2 + 3*f - 57. Calculate g(18).
-3
Let d(j) = -14*j**2 + j - 4. Determine d(3).
-127
Let p(x) = x**3 + 10*x**2 - 12*x - 8. What is p(-11)?
3
Let g(u) = -14*u + 17. Calculate g(1).
3
Let m(w) = -2*w**3 - 9*w**2 - 2*w + 14. Determine m(-4).
6
Let q(u) = -2*u**2 - 13. Calculate q(-6).
-85
Let k(l) = 8*l**2 - l + 1. What is k(1)?
8
Let p(v) = -v**2 - 5*v + 1. Determine p(-4).
5
Let f(n) = -n**3 - 19*n**2 + 40*n - 38. Calculate f(-21).
4
Let m(s) = -3*s**2 + 4*s - 2. Determine m(-1).
-9
Let n(b) = b**2 - 5*b - 11. What is n(7)?
3
Let x(s) = -66*s - 2. Determine x(-1).
64
Let l(v) = v**3 + 9*v**2 + 19. Determine l(-9).
19
Let l(j) = -2*j**3 + 2*j**2 + 2*j + 15. Give l(4).
-73
Let r(l) = -l**2 + 12*l + 20. Determine r(14).
-8
Let g(o) = -9*o - 31. Determine g(-3).
-4
Let z(x) = 55*x**2. Determine z(1).
55
Let u(m) = m - 1. What is u(-8)?
-9
Let a(w) = w**3 + 11*w**2 - 14*w + 16. Calculate a(-12).
40
Let l(k) = 11*k + 3. Give l(-5).
-52
Let c(a) = a**3 - 15*a**2 - 15*a - 35. What is c(16)?
-19
Let l(o) = -o**2 + 21. What is l(-5)?
-4
Let r(p) = 7*p - 4. Determine r(1).
3
Let c(k) = k**3 - 24*k**2 + 42*k + 45. Calculate c(22).
1
Let w(r) = -31*r + 125. Calculate w(5).
-30
Let y(r) = r**2 + 7*r - 3. Give y(-5).
-13
Let f(v) = -5*v + 10. Give f(4).
-10
Let t(n) = -n**2 - 5*n + 32. Calculate t(-7).
18
Let d(y) = 12*y - 78. What is d(7)?
6
Let q(v) = v**2 - 2*v + 9. What is q(6)?
33
Let p(x) = 2*x**3 + 60*x**2 - x - 13. Determine p(-30).
17
Let y(j) = j**3 + 9*j**2 + 10*j + 11. Determine y(-8).
-5
Let n(x) = 5*x**2 - 2*x - 3. Calculate n(-5).
132
Let h(j) = -j**2 + 21*j - 24. Give h(20).
-4
Let b(m) = m - 23. Give b(6).
-17
Let s(a) = -a + 22. What is s(13)?
9
Let x(a) = -a**3 + 13*a**2 - 14*a + 22. Give x(12).
-2
Let t(i) = 15*i - 13. Give t(3).
32
Let v(z) = z - 10. Give v(5).
-5
Let o(i) = 2*i + 4. Give o(4).
12
Let d(q) = -q**3 - 3*q**2 - 4*q - 8. What is d(-4)?
24
Let k(v) = -v - 2. Calculate k(-12).
10
Let v(i) = i**2 - 7*i + 9. Determine v(8).
17
Let d(y) = -y**3 - 9*y**2 + 9*y - 15. Give d(-10).
-5
Let x(g) = -g**3 + 3*g**2 - g + 5. Determine x(4).
-15
Let n(t) = 36*t - 279. What is n(8)?
9
Let f(q) = 2*q**3 - 5*q**2 - 10*q - 8. Give f(5).
67
Let p(z) = z**3 + 16*z**2 - 39*z + 9. Calculate p(-18).
63
Let g(w) = -w - 29. Give g(-30).
1
Let n(h) = -h**2 - 4*h + 4. Calculate n(-9).
-41
Let b(r) = r**2 + r - 33. Determine b(-6).
-3
Let o(s) = 2*s + 4. Give o(5).
14
Let p(x) = x**2 + x - 75. Give p(-9).
-3
Let p(s) = 5*s**2 + 4*s + 3. Give p(-2).
15
Let j(c) = -5*c + 8. Give j(-3).
23
Let b(o) = o**3 + 13*o**2 + 8*o + 13. Determine b(-12).
61
Let v(x) = x**2 - 11*x + 11. Determine v(7).
-17
Let h(t) = -t**3 + 4*t**2 + 2*t - 9. Determine h(4).
-1
Let s(q) = -q**3 + 22*q**2 - 41*q + 24. Determine s(20).
4
Let u(t) = 2*t**3 + 6*t**2 - 13*t + 1. Calculate u(-6).
-137
Let n(s) = 15*s**2 - s. Give n(-1).
16
Let n(h) = 11*h - 52. Give n(7).
25
Let c(n) = -6*n + 230. What is c(36)?
14
Let f(y) = -y - 24. Give f(0).
-24
Let y(q) = -2*q**2 - 32*q - 20. Determine y(-15).
10
Let u(s) = s**3 + 12*s**2 - 14*s - 13. Give u(-13).
0
Let d(n) = 4*n**2 - 5*n - 4. Give d(2).
2
Let z(s) = 11*s - 5. Calculate z(-6).
-71
Let s(j) = -j**3 - 6*j**2 + 7*j - 7. Calculate s(-8).
65
Let m(o) = 2*o**3 + 9*o**2 - 8*o - 8. What is m(-5)?
7
Let w(q) = -2*q**2 - 14*q - 7. What is w(-6)?
5
Let b(k) = k**3 - 7*k**2 - 7*k + 9. What is b(8)?
17
Let y(a) = -a - 29. Calculate y(-23).
-6
Let y(l) = -5*l + 3. Give y(5).
-22
Let b(j) = -j**2 + 8*j + 34. Give b(12).
-14
Let h(p) = -2*p**3 - 20*p**2 + p + 13. Calculate h(-10).
3
Let z(x) = 54*x - 26. Calculate z(-3).
-188
Let m(v) = -v**3 - 8*v**2 + 4*v - 3. What is m(-8)?
-35
Let g(l) = -l**3 + 3*l**2 - l - 8. Determine g(3).
-11
Let c(k) = 2*k + 2. Calculate c(-1).
0
Let s(p) = -p**2 + 20*p - 21. Give s(18).
15
Let d(m) = m**3 + 21*m**2 + 2*m + 18. Calculate d(-21).
-24
Let d(b) = -12*b**2 - 7*b - 2. Determine d(-1).
-7
Let h(x) = -2*x**2 - x - 8. Calculate h(-2).
-14
Let k(n) = n**3 + 14*n**2 - n + 11. Calculate k(-14).
25
Let k(q) = 2*q - 8. Calculate k(18).
28
Let z(c) = c + 30. Calculate z(15).
45
Let b(o) = -o**2 + 14*o + 12. Determine b(13).
25
Let h(p) = 34*p**2 - 2*p + 1. Give h(-1).
37
Let w(g) = -54*g - 3191. Calculate w(-59).
-5
Let n(j) = 2*j**3 + 11*j**2 - 10*j - 3. What is n(-7)?
-80
Let d(t) = -t**3 - 7*t**2 - 9*t - 2. Determine d(-6).
16
Let d(x) = 2*x**3 + 5*x**2 + 2*x - 1. Determine d(-2).
-1
Let r(u) = -4*u - 18. Calculate r(2).
-26
Let m(k) = -k**2 + 9*k + 8. Give m(6).
26
Let y(n) = -n. Determine y(-2).
2
Let w(z) = z**2 + 5*z + 3. Determine w(-8).
27
Let x(o) = -o + 53. Calculate x(22).
31
Let i(m) = m - 9. Give i(0).
-9
Let h(b) = -24*b - 96. Determine h(-4).
0
Let c(y) = -y**2 - 22*y - 42. Calculate c(-20).
-2
Let n(m) = -3*m**3 - 5*m**2 + 3*m + 7. What is n(-4)?
107
Let h(k) = -k**3 + 2*k**2 + 2*k - 2. Calculate h(3).
-5
Let v(i) = 6*i + 17. Determine v(-5).
-13
Let v(a) = 2*a**2 - 42*a - 77. Calculate v(23).
15
Let t(q) = 2*q**3 - 8*q**2 - 2*q + 6. What is t(4)?
-2
Let l(o) = 7*o**3 - o**2 - 3*o - 2. Determine l(-2).
-56
Let d(q) = -2*q + 9. Calculate d(9).
-9
Let o(u) = u**2 + 6*u - 21. Determine o(-10).
19
Let p(z) = z**3 + 6*z**2 + z - 18. Give p(-5).
2
Let m(v) = -v**3 - 51*v**2 + 48*v - 201. Calculate m(-52).
7
Let m(c) = c**3 - 9*c**2 - 10*c + 7. Determine m(10).
7
Let y(z) = -4*z**2 + 8*z - 4. Determine y(3).
-16
Let i(d) = 3*d + 18. Determine i(9).
45
Let u(a) = 5*a - 13. Calculate u(4).
7
Let f(m) = 2*m + 37. Determine f(-18).
1
Let q(n) = n**3 + 17*n**2 + 16*n - 7. Give q(-16).
-7
Let w(o) = o**3 - 11*o**2 - 11*o - 3. Calculate w(12).
9
Let o(q) = q - 44. Calculate o(47).
3
Let j(g) = g**2 - 10*g - 52. Determine j(12).
-28
Let d(b) = b**3 - 49*b**2 + 57*b - 438. Calculate d(48).
-6
Let s(d) = -3*d**3 + 30*d + 7. Give s(0).
7
Let m(p) = 7*p + 124. Give m(-17).
5
Let o(b) = b**2 - 3*b - 3. What is o(4)?
1
Let z(g) = -g + 14. Give z(10).
4
Let w(y) = y**2 + 3*y - 19. Give w(-6).
-1
Let h(d) = -41*d**2 - 164*d - 6. Give h(-4).
-6
Let i(b) = b**2 + 10*b + 14. Give i(-6).
-10
Let r(s) = s**2 - 11*s + 10. Calculate r(11).
10
Let a(q) = q**3 - 14*q**2 - 15*q + 3. Calculate a(15).
3
Let j(x) = -x - 3. Give j(-4).
1
Let l(g) = 2*g**3 + 23*g**2 + g - 111. Give l(-11).
-1
Let x(d) = d**2 - 12*d - 62. Give x(13).
-49
Let r(l) = l**3 + 14*l**2 + 16*l - 1. Determine r(-12).
95
Let n(f) = -2*f. Calculate n(-4).
8
Let q(r) = -r**3 - 4*r**2 - r - 1. Give q(-4).
3
Let h(y) = -y**3 + 6*y**2 - 5*y + 6. Calculate h(5).
6
Let g(l) = -l**2 + 54*l - 15. What is g(54)?
-15
Let z(y) = y + 5. Determine z(-1).
4
Let t(u) = -u**2 - u - 9. Calculate t(4).
-29
Let y(z) = -633*z - 3796. Calculate y(-6).
2
Let g(f) = -f + 2. What is g(0)?
2
Let f(p) = p**2 - 6*p + 10. Calculate f(4).
2
Let s(x) = -7*x - 364. Calculate s(-48).
-28
Let f(x) = x**3 - 17*x**2 + 13*x + 17. What is f(16)?
-31
Let n(f) = f**3 + 31*f**2 + 110*f + 46. What is n(-27)?
-8
Let m(t) = -t**2 - 38*t - 349. Give m(-24).
-13
Let s(p) = 4*p - 21. Determine s(2).
-13
Let j(i) = -14*i + 2. What is j(-3)?
44
Let n(p) = -p**3 - 4*p**2 + 2*p + 7. Give n(-4).
-1
Let v(f) = -f**2 - 8*f + 4. Give v(-7).
11
Let u(l) = 2*l**2 - l - 5. Calculate u(0).
-5
Let a(m) = -2*m**2 + 4*m - 2. Calculate a(3).
-8
Let m(x) = x - 14. Determine m(-14).
-28
Let j(p) = p**3 + 4*p**2 - 10*p - 38. Give j(-5).
-13
Let u(a) = -a**3 - 9*a**2 + 8*a. Calcu